0 = -7*z + 3*z + 4*b. What is the highest common divisor of 12 and z?
12
Let r(l) = l**3 - 13*l**2 - 13*l. Let w be r(14). Let t = 22 + -8. Calculate the highest common divisor of t and w.
14
Suppose -2*c + 8 + 4 = y, -4*y - 4*c = -44. Calculate the greatest common factor of y and 1080.
10
Suppose i = 3*i - 48. Suppose 4*s = -4*s + i. Calculate the greatest common divisor of s and 33.
3
Let f = 66 + -48. Let r = f + 15. Calculate the greatest common divisor of r and 55.
11
Let u = -142 - -158. What is the highest common factor of 128 and u?
16
Suppose 4*n - 4*u - u - 202 = 0, 2*u = -2*n + 92. Let s = 1 - -11. What is the highest common factor of s and n?
12
Suppose -34*y - 379 + 3949 = 0. Calculate the highest common divisor of 455 and y.
35
Let f = 29 + -19. Let m(g) = 8 + 0 + 11*g**2 - g**3 - 12*g + 3*g. Let c be m(f). What is the greatest common factor of 198 and c?
18
Let v = -15 + 24. Let t be (-5)/(-25) - 273/15. Let g be 8*t/(0 - 2). Calculate the highest common divisor of g and v.
9
Let z = 5 + -3. Let x be 1/(-3) + 364/12. Suppose 4*b + 30 = n + z*n, 3*n - x = b. What is the highest common divisor of n and 20?
10
Let n(r) = r**3 + 8*r**2 - 2*r - 11. Let q be n(-8). Let u(f) = f + 1. Let c be u(q). Let g = 6 + c. Calculate the highest common divisor of g and 36.
12
Suppose -144 = 4*q - 8*q. Let i = 57 - q. What is the greatest common divisor of i and 7?
7
Suppose -4*p + p + 201 = -3*g, 4*g + 205 = 3*p. Let u(a) = 2*a**2 + 43*a + 171. Let q be u(-17). What is the greatest common divisor of p and q?
9
Let m be (18/5)/(3/45). Suppose 6*v - 22 = -10. Suppose -x + 5*u + 13 = -3, -v*x + 22 = -5*u. Calculate the greatest common divisor of x and m.
6
Suppose -13*k = -10*k - 6303. Calculate the greatest common divisor of k and 11.
11
Suppose -2*h - 8 = -5*u, 18 = 5*h - 3*u - 0*u. Let w be 3/((-1)/((-26)/h)). Suppose -w = -v + 8. Calculate the highest common divisor of 21 and v.
21
Let s(x) = 167*x - 178. Let a be s(6). What is the highest common factor of a and 24?
8
Let p = 2 - -6. What is the greatest common factor of p and 128?
8
Let u = 8 - 6. Let g be (2 - -1 - -22) + u + -1. What is the highest common divisor of 208 and g?
26
Suppose -2*w + 126 = w. Let l = -28 + w. Suppose 0 = 4*k - 5*v - 321, -5*k - 3*v + 414 = -5*v. What is the greatest common factor of k and l?
14
Suppose -4*l - 6 = 6. Let p be 4 + l - (0 - -3). Let y be -2*p/(6/33). Calculate the greatest common divisor of y and 55.
11
Let d be (3/1 - 0)/1. Suppose -3*h = 4*v - h - 194, d*v = h + 143. What is the greatest common divisor of v and 12?
12
Suppose 5*p + b - 75 = 0, 5*b - 27 = -5*p + 28. Let u = 86 + p. Calculate the greatest common factor of u and 34.
34
Suppose -104*a + 105*a - 24 = 0. Calculate the highest common factor of a and 2.
2
Let u be 87/27 - (2 + 32/(-18)). Suppose u*j = -j + 120. Calculate the greatest common factor of 15 and j.
15
Let q(w) = -3*w**2 + 31*w + 5. Let g be q(10). What is the greatest common factor of g and 165?
15
Suppose -15*c - 516 = -1911. Calculate the greatest common factor of c and 558.
93
Suppose -3*b + 6 = -2*t, -b - 6*t = -9*t - 2. Let m be 47/b - 30/(-12). What is the highest common factor of m and 2?
2
Suppose 0 = -2*c + 5*l + 97, 2*l + 42 = c - 8. Let j(x) = -x**2 + 11*x + 20. Let m be j(12). Calculate the greatest common divisor of c and m.
8
Let h(r) = -r**2 + 5*r + 1. Let q be h(4). Suppose -120 = -q*g - 0*g. Suppose 24 = -2*a + 5*a. What is the greatest common factor of g and a?
8
Let z = 317 + -314. What is the highest common divisor of 39 and z?
3
Let u be (-4)/18 - 325/(-45). Suppose -2*g + d + 379 = 0, -23*g - 755 = -27*g - d. What is the highest common divisor of g and u?
7
Let c be 70/(-40) - (-1)/(-4). Let d = 32 + c. What is the highest common divisor of d and 105?
15
Suppose -2*i + 24 = -0*i. Let r(z) = 2*z**3 - z**2 - 17*z + 30. Let v be r(3). What is the greatest common divisor of v and i?
12
Suppose 8*t + 438 = 502. Calculate the highest common divisor of 24 and t.
8
Let i(q) = q**3 - 40*q**2 + 17*q - 108. Let n be i(40). Calculate the highest common divisor of 26 and n.
26
Suppose -3*s = 6, 114*m - 113*m = -s + 10. Suppose 2*o + 2 = 3*o. Suppose -4*d + 16 = -o*d. Calculate the highest common divisor of m and d.
4
Let f = 1299 + -1281. Calculate the greatest common divisor of 21 and f.
3
Suppose d - 2*m = -d + 166, -d + 83 = -3*m. Suppose 3*t + 12 = 0, 6*r - 3*r - 5*t = d. Suppose 3*n - 9 = r. What is the greatest common divisor of 10 and n?
10
Let h be 8*1532/256 + (-1)/(-8). Let u(n) = 2*n**2 - n + 6. Let c be u(6). Calculate the highest common factor of h and c.
24
Suppose 2*d - 96 = 4*v, 27*d - 50 = 26*d + 4*v. Calculate the greatest common factor of d and 69.
23
Suppose 0 = 2*s + 5*i + 4 + 17, 3*s + 4*i = -14. Suppose -6 + 32 = -s*p. Let z = p + 14. What is the highest common divisor of 3 and z?
1
Suppose -39*h - 30 = -41*h - 4*j, -2 = -2*j. Calculate the highest common factor of h and 1209.
13
Let d = 395 + -109. Calculate the highest common divisor of 26 and d.
26
Suppose -2*c - 16 = -6*c. Let q(j) = 71*j + 288. Let r be q(-4). Calculate the highest common factor of r and c.
4
Let l(h) = -3*h + 2*h + 2*h + 2 + 13. Let c be l(-8). What is the greatest common factor of 35 and c?
7
Let o = -93 - -93. Suppose -192 = -o*s - 4*s. Calculate the greatest common factor of 12 and s.
12
Suppose s - 6*s = -p, 0 = -5*p + 4*s + 21. Suppose 35 = p*u - 40. Let x be (4/6)/((-2)/(-21)) + -2. What is the greatest common factor of x and u?
5
Let i(w) = 29*w**2 + 2*w + 1. Let u be i(2). Let p(v) = 7*v + 32. Let l be p(-3). Calculate the greatest common factor of l and u.
11
Suppose 5*v = 23 - 8. Let u = v - -3. What is the highest common divisor of 30 and u?
6
Let p(h) = 2*h**2 + h - 93. Let w be p(0). Let v = -63 - w. Calculate the greatest common divisor of 12 and v.
6
Let s be (-6)/(-24) + 38/8. Let o = -5 - -6. Let u be o/1 - (-5 + 4). Calculate the greatest common divisor of s and u.
1
Let x = 1398 - 1346. Calculate the highest common factor of x and 1222.
26
Let u(l) = 3*l - 6. Let c be u(6). Let w(t) = -167*t + 1026. Let o be w(6). Calculate the greatest common factor of c and o.
12
Suppose 18 + 10 = 7*w. Suppose -x - 4*l = -6, w*l + 4 = -0*l. Let b be (2 - (-1 - -2))*70. What is the highest common divisor of b and x?
10
Let o be 398/8 - -2 - 12/(-48). What is the highest common divisor of 130 and o?
26
Let m be 6 + 4 + (-225)/(-5). What is the greatest common divisor of m and 5?
5
Suppose -2*p - 9*p + 726 = 0. Let o be (2 + 4)*(-16)/6. Let q = o + 60. Calculate the greatest common factor of p and q.
22
Let p(c) = -4*c**2 + 6*c - 15*c + 3*c**2 - 13*c. Let t be p(-20). What is the greatest common factor of 16 and t?
8
Let k = 363 + -245. Let x = k - 110. Let h be (4/(-5))/((-1)/30). Calculate the highest common divisor of h and x.
8
Let f = 16 + -17. Let b(r) = -3*r. Let y be b(f). Suppose -2*h + 27 = 3*n, 7*n - y*n - 6 = -h. What is the highest common divisor of h and 6?
6
Let o(j) = -5*j + 9*j + 13 + 9*j. Let x(q) = -6*q - 6. Let i(t) = -3*o(t) - 7*x(t). Let m be i(6). Calculate the highest common divisor of m and 7.
7
Let x be (11 - (-8954)/55) + (-2)/(-10). Calculate the highest common factor of 464 and x.
58
Let i = 32 - 11. Let l = -1003 + 1006. Calculate the highest common divisor of l and i.
3
Let k(n) be the first derivative of 11*n**2/2 + 3*n - 5. Let q be k(7). Let c be (-1274)/(-63) + 4/(-18). Calculate the highest common divisor of c and q.
20
Suppose 5*y - 187 = -137. Let h be (1/3)/(2/300). What is the highest common divisor of h and y?
10
Let c = 69 + -29. Suppose 5*z - z = 4*k + 4, 3*k = -z + 9. Suppose 109 = z*h - 71. Calculate the highest common divisor of h and c.
20
Let h = 534 + -309. Calculate the greatest common factor of h and 5.
5
Let z = -56 - -24. Let g be z/10*90/(-4). Let l = 21 + -12. What is the highest common divisor of l and g?
9
Let f = -28 - -44. Let k = f - -4. Suppose 3*l = -61 + 181. What is the greatest common factor of l and k?
20
Suppose 0 = 3*t - 136 + 16. Let h = -282 + 509. Let m = 327 - h. Calculate the highest common factor of t and m.
20
Let i = 1366 - 1036. What is the highest common divisor of 150 and i?
30
Let s(p) be the first derivative of -3*p**2/2 + 15*p - 18. Let y